 - i. Suppose 16 = -6*m + c. What is the remainder when m is divided by 4?
2
Suppose 5*l - 4*c = 143, 4*c - 42 - 58 = -4*l. Calculate the remainder when l is divided by 11.
5
Let r(x) = x**2 - 1. Let p be r(2). Suppose p*w = -w + 20. Calculate the remainder when (-153)/6*(-2)/3 is divided by w.
2
Suppose 6 = -3*r + 3*c, 4 + 6 = -3*r + 2*c. Suppose -5*a - 175 = -10*a. What is the remainder when a is divided by (-2)/(-3) - 50/r?
8
Let r = -348 - -604. Calculate the remainder when r is divided by 121.
14
Let b(w) = -7*w**3 - 2*w - 1. Suppose 9*u = 11*u + 2. What is the remainder when 30 is divided by b(u)?
6
Let h = 28 - 24. Suppose -h*c - 2*d = -312 - 208, c - 130 = -5*d. Let f = c - 76. Calculate the remainder when f is divided by 14.
12
Let z = 3 - -38. Calculate the remainder when 122 is divided by z.
40
Let n = 15 + 50. Let h(r) = r**3 + r**2 - 2*r - 4. Let z be h(-4). Calculate the remainder when n is divided by 3*1*z/(-6).
21
Suppose -b = 0, y + 2*y - b = 168. Calculate the remainder when y is divided by 15.
11
Suppose 12 = -3*j - 0*j, -p + 10 = 2*j. What is the remainder when 352 is divided by p?
10
Suppose 0 = -3*l - 161 + 674. Calculate the remainder when l is divided by 22.
17
Suppose -5*v + 193 = -3*x, -3*x = -27*v + 25*v + 79. What is the remainder when 124 is divided by v?
10
Suppose 5*t - 28 = 3*t - 2*r, 2*t - 34 = 4*r. Let w(q) = q**3 - q**2 + 9*q + 37. Let o be w(-4). Let b = o - -138. What is the remainder when b is divided by t?
14
What is the remainder when 108 is divided by (32 - (-4 - -2)) + (-232)/58?
18
What is the remainder when -2 - ((-672)/10)/((-4)/(-50)) is divided by 28?
26
Suppose 0 = 7*s + 160 - 237. Let p(r) = 1 + 1 + r + 7. Calculate the remainder when s is divided by p(-5).
3
Suppose 0 = -3*y - 2*b - 363, -5*b - 121 = 4*y - 3*y. Let i = 149 + y. What is the remainder when i is divided by 15?
13
Let z = 47 + -17. Suppose j = -5 - z. Calculate the remainder when 27 is divided by (-539)/j - 4/10.
12
Let p = -93 - -152. Calculate the remainder when p is divided by -2 + 1 - (-3 - 19).
17
What is the remainder when ((-7)/14 - (-1110)/(-4))/(-1) is divided by 20?
18
Let w(i) = 3*i**2 + 5*i - 6*i - i**3 + 6 + 3*i**2 + 2*i. What is the remainder when 22 is divided by w(6)?
10
Let b(z) = z**2 - 3. Suppose -3522 + 7363 = 42*g - 3761. Calculate the remainder when g is divided by b(7).
43
Suppose 0 = -9*b + 5*b - 3*w + 171, 0 = -3*b - 2*w + 129. Calculate the remainder when (-4)/10 - 2224/(-10) is divided by b.
42
Let m(p) = 2*p**2 - 6*p + 7. Let c = -87 + 91. What is the remainder when 102 is divided by m(c)?
12
Let c = 2 + 1. Let p be (-95)/4 + ((-27)/(-12))/(-9). Calculate the remainder when ((-208)/p)/(1/c) is divided by 9.
8
Let x(z) = z**3 + 11*z**2 + 10*z - 4. Let l be x(-10). Let y be (l/(-6))/((-6)/27). What is the remainder when 35 is divided by (2 + y)/((-1)/19)?
16
Let x(f) = f**2 + 20*f - 3. Let c be x(-20). What is the remainder when (-1 + -41)*(c - 3/(-2)) is divided by 11?
8
Let v(b) = b**2 + 28*b - 23. Calculate the remainder when v(-32) is divided by 64.
41
Let n = 431 + -403. Calculate the remainder when 132 is divided by n.
20
Let t(d) = 19*d - 16. Calculate the remainder when t(52) is divided by 75.
72
Let u be 4/7*(-14)/(-4). Let l = u + 0. Suppose -l*b - 44 = -3*b. What is the remainder when b is divided by 23?
21
Let t = 16 + -36. Let w(b) = b**3 + 21*b**2 + 19*b + 21. What is the remainder when w(t) is divided by 11?
8
Let a(f) = -f**3 + 18*f**2 - 23*f + 27. Calculate the remainder when a(16) is divided by 29.
26
Let g be (-14 + 1)/((-2)/6). Suppose -v = -1, -v = 5*w + 3*v - g. Let o(y) = -10*y - 58. What is the remainder when w is divided by o(-6)?
1
Let z(x) = -x**3 - 2*x**2 - 22*x - 20. Calculate the remainder when z(-9) is divided by 68.
65
Suppose 0 = 8*q - 5*q + 3*f - 108, 5*q - 2*f - 180 = 0. Suppose -3*b + 63 = -0*b. Calculate the remainder when q is divided by b.
15
Let p(f) = -f**3 + 5*f**2 + 3. Let t(c) = -c + 1. Let h be t(-4). Let n be p(h). Let y = 28 - n. What is the remainder when y is divided by 13?
12
Suppose t = -2*t + 36. Suppose 4*m + 4*j = 128, -4*j + 0*j = 2*m - 66. What is the remainder when m is divided by t?
7
Let n = 9 - 5. Let r(h) = h + 0 - n - h**3 - 3*h - h**2. What is the remainder when r(-3) is divided by 11?
9
What is the remainder when 39 is divided by (-154)/(-21) - 2/6?
4
Suppose 6*f + 3*r - 387 = 3*f, -5*f + 645 = r. Suppose -264 = -12*w + 4*w. What is the remainder when f is divided by w?
30
Let o(m) = m**2 + 6*m - 3. Let w be o(-8). Let p = -9 + w. Suppose 3*r = p*r - 18. What is the remainder when 52 is divided by r?
16
Let h(w) = 3*w + w**3 + 0 - 2*w**2 + 1 - 3. Let p be h(2). Suppose x = -x + p. Calculate the remainder when x is divided by 2.
0
Let k(u) = 44*u + 7. Suppose -6*a + 9 = -3*a. What is the remainder when k(a) is divided by 47?
45
Suppose -44*d + 36 + 404 = 0. What is the remainder when 196 is divided by d?
6
Let t(h) = h**3 - 7*h**2 + 5*h + 8. Let f be t(6). Let d = f + 3. Let q(p) = p**3 + 14*p**2 - 2*p - 5. What is the remainder when q(-14) is divided by d?
3
Let q = -52 + 53. What is the remainder when 68 is divided by 32 + q*(7 + -3)?
32
Suppose -8*g + 0 = -16. Suppose g*l - 117 = -4*c + 3*l, -3*c + 89 = -l. What is the remainder when 82 is divided by c?
26
Suppose -4*u + 40 = -u - 5*x, 2*u - x - 15 = 0. Let i(m) = m**2 - 38*m + 41. Calculate the remainder when u is divided by i(37).
1
Calculate the remainder when 232 is divided by 9/(-1*1)*1482/(-342).
37
Let z = 485 - 265. Let t = z + -122. Calculate the remainder when t is divided by 25.
23
Let t = 9 + -4. Suppose -t*l - 5 = -55. Calculate the remainder when 15 is divided by (6 - 8) + (l - 0).
7
Let a(d) = -d**2 - 10*d + 5. Let j be a(-10). Suppose 1 - 19 = -p - 3*x, -j*x + 16 = p. Let t = 21 - 9. Calculate the remainder when p is divided by t.
9
Calculate the remainder when 5/(-5 + 0)*-283 is divided by 36.
31
Let v = 57 - 33. Suppose 0 = 6*k - 4*k - v. Suppose -2*f - 88 = -4*f. Calculate the remainder when f is divided by k.
8
Let a = -2 + 12. Let w = -27 - -33. What is the remainder when a is divided by (16/w)/8 + (-34)/(-6)?
4
Let x = 1 + 3. Suppose -3*p + j = 0, 0 = -4*p - 2*j - 6 - x. What is the remainder when p/4 - 788/(-16) is divided by 17?
15
Suppose 0 = -11*f + 6*f + 280. Let z = f + -36. What is the remainder when z is divided by 12?
8
Let p(k) = -7*k - 39. Let l(u) = -11*u - 58. Let m = 3 - -2. Let f(b) = m*l(b) - 8*p(b). Calculate the remainder when 29 is divided by f(-7).
14
Let u(r) = -r**3 + 20*r**2 + 5. Let q be u(20). Suppose q*s = 5*t - 25, 4*s + 0 = -8. Calculate the remainder when 5 is divided by t.
2
Let i(b) = -b**2 + 5. Let d be i(0). Suppose 3*n + d*f - f = 384, 5*n - 3*f = 611. Calculate the remainder when n is divided by 25.
24
What is the remainder when 201/7 - 78/(-273) is divided by 1 + 1 + 3 + 13?
11
Suppose 17*r - 26 = 93. What is the remainder when 10 is divided by r?
3
Suppose -42 = -5*k - s + 10, 2*k - s - 25 = 0. Calculate the remainder when k is divided by 6.
5
What is the remainder when 241 is divided by ((-36)/(-54))/((-8)/(-348))?
9
Let w(u) = -u**3 + 18*u**2 + 17*u + 46. Let o = -8 + 27. Calculate the remainder when w(o) is divided by 3.
2
Suppose 196 = 6*b - 992. Suppose -4*d = -2*q + 146, -3*d - b = -4*q + 94. What is the remainder when q is divided by 20?
13
Suppose 2*r = 3*y + 5*r - 651, 4*r = 3*y - 630. Calculate the remainder when y is divided by 79.
56
Suppose 2*a + 0*j + j = 314, -771 = -5*a + j. Suppose 6*l = 3*l - 5*h + 169, 0 = -5*l + 5*h + 255. Calculate the remainder when a is divided by l.
49
Suppose -3*b + 4810 = 1360. Suppose -7*g = -17*g + b. Calculate the remainder when g is divided by 39.
37
Suppose -12*l + 414 = -54. What is the remainder when 114 is divided by l?
36
Let t = 4 - -2. Let z(s) = -s**2 + 3*s + 8. Let k be z(4). Suppose -t*j + 76 = -2*j + 4*p, 2*j = -k*p + 36. Calculate the remainder when 77 is divided by j.
17
Let j = 7 - 5. Calculate the remainder when -1 + 0 + 76 - j is divided by 5*(-7)/(-140) - (-302)/8.
35
Let y(r) = 20*r + 9. Let t(q) = -100*q - 46. Let l be 18/27*33/(-2). Let d(w) = l*y(w) - 2*t(w). Calculate the remainder when d(-4) is divided by 19.
16
Let m = -13149 + 13160. Calculate the remainder 